{"id":178,"date":"2021-02-10T17:51:54","date_gmt":"2021-02-10T16:51:54","guid":{"rendered":"http:\/\/www.h2000.be\/handicom\/?page_id=178"},"modified":"2022-10-03T06:43:09","modified_gmt":"2022-10-03T05:43:09","slug":"infos-pratiques","status":"publish","type":"page","link":"https:\/\/www.h2000.be\/handicom\/index.php\/infos-pratiques\/","title":{"rendered":"Infos pratiques"},"content":{"rendered":"<div style=\"padding-bottom:20px; padding-top:10px;\" class=\"hupso-share-buttons\"><!-- Hupso Share Buttons - https:\/\/www.hupso.com\/share\/ --><a class=\"hupso_toolbar\" href=\"https:\/\/www.hupso.com\/share\/\"><img decoding=\"async\" src=\"https:\/\/static.hupso.com\/share\/buttons\/lang\/fr\/share-medium.png\" style=\"border:0px; padding-top: 5px; float:left;\" alt=\"Share Button\"\/><\/a><script type=\"text\/javascript\">var hupso_services_t=new Array(\"Twitter\",\"Facebook\",\"Google Plus\",\"Linkedin\");var hupso_background_t=\"#EAF4FF\";var hupso_border_t=\"#66CCFF\";var hupso_toolbar_size_t=\"medium\";var hupso_image_folder_url = \"\";var hupso_url_t=\"\";var hupso_title_t=\"Infos%20pratiques\";<\/script><script type=\"text\/javascript\" src=\"https:\/\/static.hupso.com\/share\/js\/share_toolbar.js\"><\/script><!-- Hupso Share Buttons --><\/div><h2 style=\"text-align: center;\"><span style=\"text-decoration: underline;\"><strong>Le Forum Handicom 2022 se d\u00e9roulera les 04 et 05 octobre 2022 de 09h00 \u00e0 16h30 au CEME &#8211; rue des Fran\u00e7ais 147 \u00e0 6020 Dampremy<\/strong><\/span><\/h2>\n<h2 style=\"text-align: center;\"><strong>Entr\u00e9e libre au Forum, conf\u00e9rences \u00e0 prix d\u00e9mocratique<\/strong><\/h2>\n<p><\/p>\n<h2 style=\"text-align: left;\"><strong>Service de petite restauration sur le site :<\/strong><\/h2>\n<p><\/p>\n\n\n<p>Les b\u00e9n\u00e9ficiaires du <strong>Soleil Levant<\/strong> seront pr\u00e9sents durant les 2 journ\u00e9es du Forum afin de vous proposer leurs r\u00e9alisations culinaires. Les b\u00e9n\u00e9fices serviront enti\u00e8rement \u00e0 financer leurs diverses activit\u00e9s.<\/p>\n\n\n\n<p>Au menu de ces deux journ\u00e9es :<\/p>\n\n\n\n<ul class=\"wp-block-list\"><li>Pizza Margarita (part de 20 cm\/20cm) : 5 \u20ac<\/li><li>Pizza v\u00e9g\u00e9tarienne (part de 20 cm\/20 cm) : 5 \u20ac<\/li><li>Pizza 4 fromages (part de 20 cm\/20 cm) : 5 \u20ac<\/li><li>Pizza foresti\u00e8re (part de 20 cm\/20 cm) : 5 \u20ac<\/li><li>Frites : 2,5 \u20ac<\/li><li>Hamburger + frites : 6 \u20ac<\/li><li>Eclair : 1,50 \u20ac<\/li><li>Mousse au chocolat : 2 \u20ac<\/li><li>Tarte aux pommes couverte : 2 \u20ac<\/li><\/ul>\n\n\n<p><\/p>\n<h2 style=\"text-align: left;\">Bar :<\/h2>\n<ul>\n<li>Eau plate : 1,50 \u20ac<\/li>\n<li>Eau p\u00e9tillante : 1,50 \u20ac<\/li>\n<li>Coca : 1,50 \u20ac<\/li>\n<li>Coca z\u00e9ro : 1,50 \u20ac<\/li>\n<li>Jus d&rsquo;orange : 1,50 \u20ac<\/li>\n<li>Caf\u00e9 &#8211; th\u00e9 : 1,50 \u20ac<\/li>\n<li>Th\u00e9 p\u00eache (non p\u00e9tillant) : 1,50 \u20ac<\/li>\n<li>Sprite : 1,50 \u20ac<\/li>\n<li>Jupiler : 2 \u20ac<\/li>\n<li>Vin blanc et ros\u00e9 : 3 \u20ac<\/li>\n<\/ul>\n<h4>&nbsp;<\/h4>\n<h4><a href=\"https:\/\/www.google.com\/maps\/place\/Charleroi+Espace+Meeting+Europ%C3%A9en\/@50.421731,4.435666,14z\/data=!4m5!3m4!1s0x0:0x2377cb426e33c698!8m2!3d50.422949!4d4.433026?hl=fr\">&nbsp;<\/a><\/h4>\n<h4>&nbsp;<\/h4>\n\n<div class=\"wp-block-image is-style-default\">\n<figure class=\"aligncenter size-medium\"><img loading=\"lazy\" decoding=\"async\" width=\"300\" height=\"300\" src=\"https:\/\/www.h2000.be\/handicom\/wp-content\/uploads\/2022\/07\/Handicom-nouv.2016-300x300.png\" alt=\"\" class=\"wp-image-2521\" srcset=\"https:\/\/www.h2000.be\/handicom\/wp-content\/uploads\/2022\/07\/Handicom-nouv.2016-300x300.png 300w, https:\/\/www.h2000.be\/handicom\/wp-content\/uploads\/2022\/07\/Handicom-nouv.2016-1024x1024.png 1024w, https:\/\/www.h2000.be\/handicom\/wp-content\/uploads\/2022\/07\/Handicom-nouv.2016-150x150.png 150w, https:\/\/www.h2000.be\/handicom\/wp-content\/uploads\/2022\/07\/Handicom-nouv.2016-768x768.png 768w, https:\/\/www.h2000.be\/handicom\/wp-content\/uploads\/2022\/07\/Handicom-nouv.2016-1536x1536.png 1536w, https:\/\/www.h2000.be\/handicom\/wp-content\/uploads\/2022\/07\/Handicom-nouv.2016-2048x2048.png 2048w, https:\/\/www.h2000.be\/handicom\/wp-content\/uploads\/2022\/07\/Handicom-nouv.2016-1140x1140.png 1140w\" sizes=\"auto, (max-width: 300px) 100vw, 300px\" \/><\/figure>\n<\/div>","protected":false},"excerpt":{"rendered":"<div style=\"padding-bottom:20px; padding-top:10px;\" class=\"hupso-share-buttons\"><!-- Hupso Share Buttons - https:\/\/www.hupso.com\/share\/ --><a class=\"hupso_toolbar\" href=\"https:\/\/www.hupso.com\/share\/\"><img src=\"https:\/\/static.hupso.com\/share\/buttons\/lang\/fr\/share-medium.png\" style=\"border:0px; padding-top: 5px; float:left;\" alt=\"Share Button\"\/><\/a><script type=\"text\/javascript\">var hupso_services_t=new Array(\"Twitter\",\"Facebook\",\"Google Plus\",\"Linkedin\");var hupso_background_t=\"#EAF4FF\";var hupso_border_t=\"#66CCFF\";var hupso_toolbar_size_t=\"medium\";var hupso_image_folder_url = \"\";var hupso_url_t=\"\";var hupso_title_t=\"Infos%20pratiques\";<\/script><script type=\"text\/javascript\" src=\"https:\/\/static.hupso.com\/share\/js\/share_toolbar.js\"><\/script><!-- Hupso Share Buttons --><\/div><p>Le Forum Handicom 2022 se d\u00e9roulera les 04 et 05 octobre 2022 de 09h00 \u00e0 16h30 au CEME &#8211; rue des Fran\u00e7ais 147 \u00e0 6020 Dampremy Entr\u00e9e libre au Forum, conf\u00e9rences \u00e0 prix d\u00e9mocratique Service de petite restauration sur le site : Les b\u00e9n\u00e9ficiaires du Soleil Levant seront pr\u00e9sents durant les 2 journ\u00e9es du Forum &hellip; <\/p>\n<p><a class=\"more-link btn\" href=\"https:\/\/www.h2000.be\/handicom\/index.php\/infos-pratiques\/\">Lire la suite<\/a><\/p>\n","protected":false},"author":3,"featured_media":0,"parent":0,"menu_order":0,"comment_status":"closed","ping_status":"closed","template":"","meta":{"footnotes":""},"class_list":["post-178","page","type-page","status-publish","hentry","nodate","item-wrap"],"_links":{"self":[{"href":"https:\/\/www.h2000.be\/handicom\/index.php\/wp-json\/wp\/v2\/pages\/178","targetHints":{"allow":["GET"]}}],"collection":[{"href":"https:\/\/www.h2000.be\/handicom\/index.php\/wp-json\/wp\/v2\/pages"}],"about":[{"href":"https:\/\/www.h2000.be\/handicom\/index.php\/wp-json\/wp\/v2\/types\/page"}],"author":[{"embeddable":true,"href":"https:\/\/www.h2000.be\/handicom\/index.php\/wp-json\/wp\/v2\/users\/3"}],"replies":[{"embeddable":true,"href":"https:\/\/www.h2000.be\/handicom\/index.php\/wp-json\/wp\/v2\/comments?post=178"}],"version-history":[{"count":34,"href":"https:\/\/www.h2000.be\/handicom\/index.php\/wp-json\/wp\/v2\/pages\/178\/revisions"}],"predecessor-version":[{"id":2939,"href":"https:\/\/www.h2000.be\/handicom\/index.php\/wp-json\/wp\/v2\/pages\/178\/revisions\/2939"}],"wp:attachment":[{"href":"https:\/\/www.h2000.be\/handicom\/index.php\/wp-json\/wp\/v2\/media?parent=178"}],"curies":[{"name":"wp","href":"https:\/\/api.w.org\/{rel}","templated":true}]}}